{"id":2253,"date":"2025-01-08T10:33:51","date_gmt":"2025-01-08T10:33:51","guid":{"rendered":"https:\/\/test.devpws.it\/?post_type=product&#038;p=2253"},"modified":"2025-07-06T16:51:12","modified_gmt":"2025-07-06T16:51:12","slug":"t-shirt-sa-le-bela-la-me-putela","status":"publish","type":"product","link":"https:\/\/procremona.it\/?product=t-shirt-sa-le-bela-la-me-putela","title":{"rendered":"T shirt &#8220;sa l&#8217;\u00e8 bela la me p\u00fctela&#8221;"},"content":{"rendered":"<p>Per fare impazzire di felicit\u00e0 tutti i nonni (ma anche i genitori, dai) di Cremona!<\/p>\n","protected":false},"excerpt":{"rendered":"<p>Per fare impazzire di felicit\u00e0 tutti i nonni (ma anche i genitori, dai) di Cremona!<\/p>\n","protected":false},"featured_media":2675,"template":"","meta":{"_acf_changed":false},"product_brand":[],"product_cat":[23],"product_tag":[],"class_list":{"0":"post-2253","1":"product","2":"type-product","3":"status-publish","4":"has-post-thumbnail","6":"product_cat-magliette","8":"first","9":"instock","10":"shipping-taxable","11":"purchasable","12":"product-type-variable"},"acf":[],"_links":{"self":[{"href":"https:\/\/procremona.it\/index.php?rest_route=\/wp\/v2\/product\/2253","targetHints":{"allow":["GET"]}}],"collection":[{"href":"https:\/\/procremona.it\/index.php?rest_route=\/wp\/v2\/product"}],"about":[{"href":"https:\/\/procremona.it\/index.php?rest_route=\/wp\/v2\/types\/product"}],"wp:featuredmedia":[{"embeddable":true,"href":"https:\/\/procremona.it\/index.php?rest_route=\/wp\/v2\/media\/2675"}],"wp:attachment":[{"href":"https:\/\/procremona.it\/index.php?rest_route=%2Fwp%2Fv2%2Fmedia&parent=2253"}],"wp:term":[{"taxonomy":"product_brand","embeddable":true,"href":"https:\/\/procremona.it\/index.php?rest_route=%2Fwp%2Fv2%2Fproduct_brand&post=2253"},{"taxonomy":"product_cat","embeddable":true,"href":"https:\/\/procremona.it\/index.php?rest_route=%2Fwp%2Fv2%2Fproduct_cat&post=2253"},{"taxonomy":"product_tag","embeddable":true,"href":"https:\/\/procremona.it\/index.php?rest_route=%2Fwp%2Fv2%2Fproduct_tag&post=2253"}],"curies":[{"name":"wp","href":"https:\/\/api.w.org\/{rel}","templated":true}]}}